+ 1/120*y**6 + 2*y**2 + 0 - 1/20*y**5 + 1/2*y**3 - 1/6*y**4. Let j(w) be the first derivative of u(w). What is j(4)?
3
Let a(f) = -26*f**3 + f. Let w be a(-1). Suppose 4 = 27*s - w*s. Let d(n) = 2*n - 1. Determine d(s).
3
Let s(c) = c + 2. Let h = 14 + -39. Let j = -27 - h. Calculate s(j).
0
Let a(l) = -l**3 + 10*l**2 - 2*l + 7. Let z = 76 - 66. Give a(z).
-13
Let t(z) = z**3 - 4*z**2 + 3. Suppose 0*s - 10 = s - 3*p, -2*s = 5*p - 35. Suppose 7*y - s*y - 6 = 0. What is t(y)?
-6
Let w(u) = -u**3 - 6*u**2 + 3*u + 3. Suppose 4*c = -3*j - 84, j = c - 0*j + 28. Let x(p) = -2*p**2 - 48*p - 6. Let r be x(c). Determine w(r).
-15
Let x(b) be the first derivative of -4*b + 48 + 5*b - 4*b**2 - 31. Determine x(-1).
9
Let s(u) = u**2 - 1. Let t(q) = q**3 - q**2 - 6*q - 5. Let l(r) = -3*s(r) + t(r). Let p be l(5). Let d(b) = b**2 + 7*b - 5. Give d(p).
-5
Let j(i) = i**2 - i - 2. Let s be j(-2). Let n(a) = a**3 - 6*a**2 + a + 5. Calculate n(s).
-23
Let k(q) = -5*q**3 + 16*q**2 + 14*q - 9. Let n(r) = -r**3. Let z(v) = k(v) - 6*n(v). Calculate z(-15).
6
Let h(p) = 2*p**3 + 3*p**2 + 4*p. Suppose 4*n + 4 = -8. Let u be h(n). Let i be 22/(-8) + u/(-52). Let d(g) = g**3 + g**2 + 3*g + 1. Determine d(i).
-9
Let n(i) = -11*i**2 - 20*i + 19. Let q(g) = 7*g**2 + 13*g - 12. Let u(f) = -5*n(f) - 8*q(f). What is u(-5)?
-4
Let s(i) = -6*i**3 + i**3 + 13*i**3 - 15 + 7*i - i**2. Let t(c) = 7*c**3 - 2*c**2 + 7*c - 14. Let a(k) = -6*s(k) + 7*t(k). Determine a(7).
-8
Let p(s) = -2*s**3 + 2*s**2 - 2. Let v be (-18)/(-4)*(-4)/(-6). Let g be (-14)/(-6) + (-1)/v. Calculate p(g).
-10
Let l = 40 - 46. Let m(w) = -w - 8. Let o(g) = 2*g + 8. Let b(f) = -3*m(f) - 2*o(f). Calculate b(l).
14
Let p(u) be the second derivative of -u**5/20 + u**4/12 + u**3/3 + 3*u**2/2 - u. Suppose -4*m = 2*q + 16, 4*q + 12 - 10 = 2*m. Determine p(q).
11
Let h(o) = 3*o**2 - 51*o + 151. Let c be h(13). Let n(s) = -2 - 7*s - s**2 + 7 - 1. Give n(c).
14
Suppose -2 = -4*h + 3*h. Let k(n) be the second derivative of -n + 0 - 1/3*n**3 + 1/3*n**4 + n**2. Determine k(h).
14
Let v = 2 + 2. Suppose -d - d + v = 0. Let c(t) = t**2 + 0*t**2 + 5 + d*t - 1. What is c(-3)?
7
Let v = 11 - 6. Let x be (v/(-4))/((-3)/12). Let a be (-3)/x - (-60)/(-25). Let h(r) = r**3 + 3*r**2 + 4. Determine h(a).
4
Let j(y) = 3*y**3 - y**2 + y + 8. Let i(m) = m**2 + 2*m + 1. Let x be i(-1). Give j(x).
8
Suppose 0*z + z = 3*f - 8, -4*f + 14 = 2*z. Let j(g) = 4*g**2 - 5*g - 3*g**2 - 367 + 366. Give j(f).
-7
Let h(j) = -4*j**2 - 4*j - 20. Let w(u) = 3*u**2 + 3*u + 19. Let t(a) = -2*h(a) - 3*w(a). Suppose 5 = -o - 5*n, 13*o + 5 = 15*o - 5*n. Give t(o).
-17
Let x(l) = -l**2 - 11*l - 11. Let r(p) = -59*p + 104. Let k be r(2). Calculate x(k).
-53
Let t(l) = -l**3 - 4*l**2 + 2*l + 4. Let r be (-105)/30 + (-1)/2. Determine t(r).
-4
Suppose 0 = 21*i - 83 + 356. Let y be (-2 + 2)*i/(-65). Let j(k) = k**3 - k**2 - k - 1. Calculate j(y).
-1
Let y(w) = 2*w**3 + 17*w**2 + 5*w + 4. Suppose -8*r - 215 = -151. Give y(r).
28
Let s(n) = -4*n + 26. Let i be s(6). Let d be 0/(i/2 - -1). Let p(q) = q + 15. What is p(d)?
15
Let u(q) = 66 + q**2 - 15*q + q**2 - 3*q**2 - 61. Give u(-15).
5
Let j(p) = -625*p + 10*p**2 - 618*p + 2 + 1234*p + p**3. Calculate j(-11).
-20
Let n = 0 + 7. Let g(h) = 8. Let x(a) = -a + 7. Let r(z) = 3*g(z) - 4*x(z). Calculate r(n).
24
Let z(j) = j. Let o(s) = 3*s + 36. Let m(t) = -o(t) - 2*z(t). Let q(a) = -2*a - 12. Let b(y) = -3*m(y) + 8*q(y). What is b(7)?
5
Let m(b) = b**2 - 8*b + 4. Suppose -67*c = -65*c - 14. Let j be 7/(-3 + (c - 3)). Calculate m(j).
-3
Let o(a) be the third derivative of -a**5/30 + a**4/8 + a**3/3 - 24*a**2. Let j(n) = n**3 + 6*n**2 + 3*n - 7. Let k be j(-5). What is o(k)?
-7
Let s(p) = 5*p**2 - 7*p - 12. Let a(g) = 14*g**2 - 20*g - 35. Let x(n) = 4*a(n) - 11*s(n). Suppose 0 = -2*w + 5*w. Suppose w = 2*d - 5*d + 18. Calculate x(d).
10
Let v(i) = -10*i**2 + 18*i**2 - 14*i**2 - 2*i - 2 + 0*i**2. Give v(-2).
-22
Let o = 51 - 45. Let g(l) = 2*l - 1 - o + 9. Calculate g(3).
8
Suppose 2*k - 33 = 5*h, -5*k - 8*h + 35 = -11*h. Let y(r) = r**2 + r + 5. Give y(k).
25
Let s(m) be the second derivative of -m**4/12 + 2*m**3/3 + 2*m**2 + 4*m - 5. Suppose 3 + 2 = z. Give s(z).
-1
Suppose 5*v - 3 = 3*s - s, 5*v - 4*s - 1 = 0. Let i(l) = 0*l + 2*l + 5*l**2 - 2*l - 1. Calculate i(v).
4
Let y(w) = 16*w**2 - 14*w + w**3 - 6*w**2 + 55 - 36 - 27. Calculate y(-11).
25
Let i(o) = 5*o + 32. Let w(t) = -t. Let a(g) = -i(g) - 6*w(g). Let v be a(27). Let c(d) = d**2 + 4*d - 6. Calculate c(v).
-1
Let z(x) = x**3 + 7*x**2 + 2*x + 9. Let f(w) = w**2 + w + 1. Suppose -16 + 1 = -3*v. Let d(p) = v*f(p) - z(p). Let s(u) = -u + 2. Let n be s(5). Give d(n).
-4
Suppose 0 = 60*r - 45*r + 120. Let n(x) = -x + 11. Calculate n(r).
19
Let l(k) be the second derivative of k**5/20 - k**4/12 - 5*k**3/6 + 3*k**2/2 - 16*k. Let i = -25 - -28. Determine l(i).
6
Let x(l) = -5*l + 2*l - 8*l - 14 + 12*l. Calculate x(-9).
-23
Let s be (-16 + 8 - -6)*(5 - 1). Let w(g) = -g**3 - 7*g**2 + 11*g + 10. What is w(s)?
-14
Let k(d) = 4*d - 6. Let m(z) = -4*z + 5. Let a(y) = 2*y**3 - y**2 - 2*y - 1. Let u be a(-1). Let r(p) = u*k(p) - 3*m(p). Determine r(-3).
-15
Suppose -q = 3*y - 17, -q - 5*y + 0 = -21. Suppose 21 = 4*w + 17. Suppose w = -4*c - q. Let g(d) = -d**3 - 4*d**2 - 5*d - 4. Give g(c).
2
Suppose -l + 0*l + 3 = 0. Suppose -2*w - 41 = -l. Let g = w - -16. Let x(z) = -z**3 - 3*z**2 - 2. Calculate x(g).
-2
Let l be (-3)/(-6) + 2 - (-847)/(-154). Let f(t) = 2*t**2 + 4*t - 1. What is f(l)?
5
Let q(s) = 19*s - 89. Let g be q(5). Suppose -4*b + 4 + 4 = 0. Suppose 4*n = h - g, n - b*h + 5 = -0*n. Let w(v) = -v**2 + v + 1. Give w(n).
-1
Let j(t) = -10*t**2 + t. Let p be -4 - (3 + -4 + 0 - 3). Suppose p = 3*s + 2 + 1. Give j(s).
-11
Let j(m) = 3*m - 4. Let b(s) = -s - 1. Let o(v) = -5*b(v) - j(v). What is o(-4)?
1
Let t(n) = -39*n**3 - n**2 + 3*n - 2. Let j = 514 + -513. Determine t(j).
-39
Suppose -176 = 55*l - 11*l. Let y(t) = -t**3 - 6*t**2 - 5*t + 1. Calculate y(l).
-11
Suppose b + 3*b = -3*v + 7, 4*b - 2*v = 22. Suppose 15 = 9*t - b*t. Let i(r) = -2*r - 2. Give i(t).
-8
Let i be (-8)/(-12) + (-4)/12. Let y(a) be the third derivative of 0 - i*a**3 - 2*a**2 - 1/120*a**6 + 0*a - 5/24*a**4 - 7/60*a**5. What is y(-6)?
-8
Let z(m) = -8*m**2 + 7*m + 2. Let w(i) = -7*i**2 + 7*i + 2. Let j(b) = 6*w(b) - 5*z(b). Determine j(5).
-13
Suppose 4*o = 5*p + 59, 4*p + 14 = o + 2*p. Let j be (-10)/15 + o/(-12). Let t(a) = 9*a + 3. What is t(j)?
-15
Let x(m) = -2*m + 8. Let q = -449 + 452. Give x(q).
2
Let z = -28 - -32. Let d(o) = z*o + 2*o + 7*o - 12*o. Give d(-2).
-2
Let z(t) = 2*t**2 - 5*t - 9. Let k(h) = 2*h**2 - 6*h - 10. Let u(x) = -5*k(x) + 6*z(x). Suppose -2*q + 3*d - 9 = 0, -2*d - 16 = 5*q - 41. Give u(q).
14
Let g(h) = 4*h**3 + 28*h**2 + 10*h - 16. Let k(o) = -3*o**3 - 19*o**2 - 7*o + 11. Let x(i) = 5*g(i) + 7*k(i). Give x(7).
4
Let r(q) be the second derivative of q**5/5 + q**4/12 - 2*q**3/3 + 3*q**2/2 - 140*q. Give r(1).
4
Suppose 316*h + 45 = 325*h. Let t(m) be the third derivative of 0*m**3 - 1/40*m**6 + 0 + h*m**2 + 0*m - 1/60*m**5 + 1/24*m**4. Give t(1).
-3
Suppose 5 - 1 = k. Let b(i) be the first derivative of -i**6/360 + i**5/24 + i**4/24 + 4*i**3 - 17. Let f(q) be the third derivative of b(q). Give f(k).
5
Let j(w) = -8*w + w**2 - 2*w**2 - 2 + 2. Let g = 39 + -37. Suppose -4*p - 18 = 3*a, -2*a + 6 = -g*p - 5*a. Calculate j(p).
12
Let n(q) be the first derivative of q**4/12 + 15*q**2/2 + 10. Let o(t) be the second derivative of n(t). Calculate o(3).
6
Let o(j) = -5*j**2 - 3*j + 4. Let x be o(1). Let k(d) = d**3 + d**2 - 4*d - 4. What is k(x)?
-36
Let w(f) = -3*f - 10. Suppose -11*a + 552 = 596. What is w(a)?
2
Let a(k) be the third derivative of -k**5/60 + 3*k**4/8 + 2*k**3 - 185*k**2. Determine a(9).
12
Let y(v) = 4*v - 35. Let q(w) be the second derivative of w**3/6 - 6*w**2 + 3*w. Let m(n) = -7*q(n) + 2*y(n). Calculate m(-6).
8
Suppose 4*m - 5*c + 99 = 3*m, -m = 3*c + 115. Let w = -106 - m. Let r(t) = -t**2 + t - 1. Calculate r(w).
-7
Suppose 2*b - b = 1. Let a(n) be the third derivative of -n**5/10 - n**3/6 + 4*n**2. Calculate a(b).
-7
Suppose 16*k - 20*k + 16 = 4*u, 7 = u + 2*k. Let a(g) = 12*g - 10. Give a(u).
2
Suppose 199 = 3*v + 2*w, -4*v = v + 2*w - 329. Let a